(s)?
3, 5
Suppose -3*x = -486 - 330. Suppose x = 4*b - 4*t, 4*t = 4 + 16. List the prime factors of b.
73
Let y be (-3)/(-18) + (-58)/(-12). Suppose -u = y*t - 2*u - 1670, -3*t + 1002 = 4*u. What are the prime factors of t?
2, 167
Let f(o) = 18*o - 115. What are the prime factors of f(19)?
227
Let m be (1 - 1) + (-165)/(-11). Let a be 444/m + 4/10. Suppose 5*h - 2*h - 37 = f, 2*h - a = -2*f. What are the prime factors of h?
13
Suppose -14 + 89 = -5*y. Let g = -58 - -35. Let l = y - g. List the prime factors of l.
2
Let p(z) = -137*z + 158. List the prime factors of p(-7).
1117
Let z(o) = -3*o**3 - 5*o**2 + 3*o + 26. What are the prime factors of z(-5)?
3, 29
Let q(m) = 4*m**2 + m + 8. Let b(z) = 5*z**2 + z + 7. Let s(y) = 4*b(y) - 3*q(y). What are the prime factors of s(6)?
2, 149
What are the prime factors of (-2)/(-14) - (6 + (-8061)/21)?
2, 3, 7
Let t = -119 - -5594. What are the prime factors of t?
3, 5, 73
Suppose -x - 5 = 0, 0*x - 2*x = -4*v + 1026. What are the prime factors of v?
2, 127
Let z(p) be the first derivative of p**3/3 + p**2/2 - 2*p - 3. Let f be z(2). Suppose s - 135 = -f*s. List the prime factors of s.
3
Let y(f) = -f**2 - 6*f + 13. Let v be y(-7). Suppose -v*z - 252 = -10*z. What are the prime factors of z?
3, 7
What are the prime factors of (-8)/36 - (0 + (-3818)/9)?
2, 53
List the prime factors of 200736/84 + 4/14.
2, 5, 239
Let y(r) = -r**2 - 14*r + 21. Suppose 2*v - 11 = -41. Let m be y(v). List the prime factors of 242/m + (-12)/36.
2, 5
Let u be -4*(21/4)/(-7). What are the prime factors of u*1*(-5 - -9)?
2, 3
Let s = 96 - -18. Let m = 173 - s. List the prime factors of m.
59
Suppose -2*h = -1 - 3. Suppose -4*r = 5*p - 40, -h*r - 3*p = -31 + 9. Suppose 2*w - 69 = r*q, -2*q = -2*w - 2*w + 114. What are the prime factors of w?
3
Let k = 413 + 333. List the prime factors of k.
2, 373
Suppose 0 = -3*l + q + 11, -3*l - 1 = 10*q - 5*q. Suppose -l*x + 397 = 5*c - 164, -3*c = 3*x - 339. List the prime factors of c.
3, 37
Suppose 0 = -2*i - s + 120, 12 = -13*s + 10*s. Let g be 1*(-8)/6*-3. Suppose n = g*p - i, -4*p + 0*n = -4*n - 68. List the prime factors of p.
3, 5
Let c(k) = -k + 3. Let r be c(4). List the prime factors of (-9)/(-27)*(-312)/r.
2, 13
Suppose 10*j + 99 = j. Let w = j - -16. Suppose -w*r + 212 = 82. What are the prime factors of r?
2, 13
Let s(d) = -12 - 7*d + d + 6 - 2*d. List the prime factors of s(-7).
2, 5
Let m(c) = c + 29. Let j be m(23). Suppose n - 4*l + 1 = j, -3*l = 4*n - 185. What are the prime factors of n?
47
Suppose 0 = -3*l + 5*b + 796, 5*l + 4*b + b = 1260. List the prime factors of l.
257
Suppose 0*q = 3*q + 147. What are the prime factors of (83/2)/(q/14 - -4)?
83
Let c(f) = f**3 + 9*f**2 - f - 2. Let h be c(-9). Suppose 2*z - h*z = -305. Let g = z - 42. List the prime factors of g.
19
Suppose 0 = -0*b - b + 7*b. Suppose 0 = -k - b*k + 80. What are the prime factors of k?
2, 5
Let f(m) = -133*m - 406. List the prime factors of f(-14).
2, 7, 13
Suppose -2*x + 5931 = 13*w - 10*w, 3*x - 8900 = -w. List the prime factors of x.
3, 23, 43
Let z = 22 + -7. Let j = 9 + -5. Let b = z - j. List the prime factors of b.
11
Let l = -548 + 1759. What are the prime factors of l?
7, 173
Let r = 29 + -27. Let b = -7 + 23. Let j = b - r. What are the prime factors of j?
2, 7
Let t = -18 - -20. Let h be t/13 + (-232)/(-13). Let r = -11 + h. What are the prime factors of r?
7
Suppose 2*l = 6*l - 3*z - 1300, -2*l - 3*z + 668 = 0. Suppose -14 - l = -9*t. List the prime factors of t.
2, 19
Let v(n) be the first derivative of 2 + 25*n + 1/3*n**3 - n**2. List the prime factors of v(0).
5
Let n = 5776 + -3184. What are the prime factors of n?
2, 3
List the prime factors of (-4*1/(-8))/((-1)/(-2848)).
2, 89
Suppose 0 = -3*p - 15, -2*p + 0*p = -4*v + 2. Let h(c) = -36*c**3 + 5*c**2 + c - 2. What are the prime factors of h(v)?
2, 19
Suppose 61 + 9 = a + k, 0 = 5*a - 3*k - 374. Let j = -17 + a. List the prime factors of j.
2, 7
Let s = -84 - -105. Let j(q) = -q**3 + 20*q**2 + 22*q + 21. What are the prime factors of j(s)?
2, 3, 7
Let a = -2699 - -3921. What are the prime factors of a?
2, 13, 47
What are the prime factors of -5 - 1088/(14/(-7))?
7, 11
Suppose 0 = -4*c + 22 - 58. Let q(s) = 9*s - 4. Let f be q(4). Let l = f + c. What are the prime factors of l?
23
Suppose -188 = -3*v + 5*q, 5*v + 3*q - 207 - 95 = 0. List the prime factors of v.
61
Let n be ((-3)/(-6))/(3/(-6)). Let b = 7 - n. Suppose -4*l - 28 = -b*l. List the prime factors of l.
7
Let g = -66 - -66. Suppose t + 5*a - 72 = 0, 4*t - 5*a - 238 = -g*t. List the prime factors of t.
2, 31
Suppose -12*r + 25*r + 182 = 0. Suppose -4*u + 52 + 68 = 0. Let p = u + r. What are the prime factors of p?
2
Suppose 0 = -2*k + 185 + 29. Let f = k - 73. List the prime factors of f.
2, 17
Suppose -5*a + 13 = -12. List the prime factors of a.
5
Let o = 9 + -6. Suppose 5*x = o*x - 4. List the prime factors of (-55)/(-5) + x/1.
3
Let s be 162 - 14/((-84)/(-18)). Suppose 2*p + 535 = 7*p. Let n = s - p. What are the prime factors of n?
2, 13
Let l be (-1)/(-4 + 46/12). Let s be (-1 + 1)/(l + -4). Suppose s = -7*b + 2*b + 40. What are the prime factors of b?
2
Let n(g) be the third derivative of 0*g + 0 - 4*g**2 - 2/3*g**3 - 1/8*g**4. What are the prime factors of n(-3)?
5
Let g(t) = -8*t + 441. What are the prime factors of g(51)?
3, 11
Let x = 16 - 23. Let l be 66/14 - 2/x. Suppose -6*w + 4*w = -l*z + 140, -5*z = -3*w - 135. List the prime factors of z.
2, 3, 5
Let f = 27 - 15. Suppose -2*x = 4*w - 56, -12 = -w - w + 3*x. List the prime factors of (8/f)/(w/522).
29
Let n = 269 - -216. Suppose -2*p + 4*r + 302 = p, 3*r = 5*p - n. What are the prime factors of p?
2, 47
Let f = -221 - -140. What are the prime factors of 14/(-70) + f/(-5)?
2
Suppose -6*a + a - 80 = 0. Let n = -59 + a. Let w = n - -109. What are the prime factors of w?
2, 17
Suppose 8606 - 994 = 11*k. List the prime factors of k.
2, 173
Let l(n) be the third derivative of n**5/60 + n**4/8 + n**3 + 79*n**2. Let r be -5 + 1 + 0/3. List the prime factors of l(r).
2, 5
Suppose 5*m + 944 = 9*m. What are the prime factors of m?
2, 59
Let d(m) = -19*m**2 + 6*m**3 + 11 + 16*m - m**3 - 6*m**3. What are the prime factors of d(-20)?
7, 13
Let c be -3 - (27 - 3)/(-4). Let v be 10/c + 3/(-9). Suppose a - 31 = 2*l, -v*a - 32 = -2*l - 109. List the prime factors of a.
23
Let k = 14 - 17. What are the prime factors of 146 - (k + 2 - 3)?
2, 3, 5
Suppose -13*f = -169 + 26. Suppose f*m + 7*m - 594 = 0. List the prime factors of m.
3, 11
Let m = 12 + 103. List the prime factors of m.
5, 23
Let t(u) = 4*u**2 + 3. Let l be t(0). Let v(i) = 4*i**3 - 6*i**2 + 3*i + 3. What are the prime factors of v(l)?
2, 3, 11
Let i(z) = 59*z**2 - 15*z + 2. What are the prime factors of i(2)?
2, 13
Let t = -1 + -5. Let w be (-234)/15*20/t. Let u = w - 12. List the prime factors of u.
2, 5
Let k(v) = -v**3 - 7*v**2 - 4*v - 3. Let o = 26 + -33. List the prime factors of k(o).
5
Let y be (-63 + 3 - 3) + -3. Let l = y + 72. What are the prime factors of l?
2, 3
Let x(v) = 122*v - 301. What are the prime factors of x(31)?
59
Let w(d) = 18*d**2 + 16*d + 45. Let a be w(-4). Suppose -2*h + 131 + a = -2*g, -584 = -3*h - 5*g. List the prime factors of h.
2, 3, 11
Let n(g) = -11*g + 5*g - 2*g**3 + 14*g - 11 + 3*g**3 - 14*g**2. List the prime factors of n(14).
101
Let m(h) = h**3 - 16*h**2 + h - 15. Let v be m(16). What are the prime factors of -2 - v - (-68 - 3)?
2, 17
Suppose -j + 30 = -121. Suppose 5*u - 39 = j. What are the prime factors of u?
2, 19
Let m be (4 - (-1 + 4))/((-6)/6). Let n(k) = -k**3 - 6*k**2 + 6*k - 8. Let a be n(-7). List the prime factors of 34 + -14 + (m - a).
2, 5
Let r(i) = -36*i - 161. List the prime factors of r(-6).
5, 11
Let k(v) be the third derivative of -v**5/60 + 7*v**4/12 - 2*v**3 + 3*v**2. What are the prime factors of k(8)?
2, 3
Let q(i) = 2*i**2 + 12*i + 24. List the prime factors of q(-8).
2, 7
Let i be 20/3*15 + 0. Suppose 0 = 2*a + 2*d - i, 2*a - 3*d = -2*a + 186. List the prime factors of a.
2, 3
Let t(w) = w**3 + 15. Let d be t(0). Suppose -7*r - d = -12*r. Let c = r - -9. List the prime factors of c.
2, 3
Suppose 0*g + 5 = -g - 2*r, -4*g - 4*r = 8. List the prime factors of 2/(((-504)/(-501) - 1)*g).
2, 167
Suppose -6